t u be p(-4). Suppose u*l - 137 = -45. List the prime factors of l.
2, 23
Let k be 4/4 + 1 - 1. Let i(z) = 2*z - 1 + 26*z**3 - 5*z**2 + 3*z**2 + z**2. List the prime factors of i(k).
2, 13
Let h(p) = 5*p + 9. Let s be h(8). Suppose 0*g = -g + s. List the prime factors of g.
7
Suppose -6*q + 1514 + 2122 = 0. List the prime factors of q.
2, 3, 101
Suppose 11 = 2*d - 3*t - 0, -5*d = -3*t - 23. Suppose -2*w = w, d*y = -4*w + 188. What are the prime factors of y?
47
Let z = -12 - -14. Suppose 4*s = w + 18, 2*s = 3*s - z*w - 1. Suppose 3*t + 6*m - 40 = 4*m, 5*t - s*m = 50. List the prime factors of t.
2, 3
Suppose 9450 = v + 17*v. List the prime factors of v.
3, 5, 7
Let c = -39 - -13. Let t = 50 + c. List the prime factors of t.
2, 3
Suppose -6 = -5*z + 4, 2*z - 2343 = -g. List the prime factors of g.
2339
Suppose -2*d + d = -5. Suppose d*z + 13 = 53. List the prime factors of z.
2
Let f be 4/8 - (-214)/4. Let o be f/(-12)*(-8)/12. Suppose 5*s + o*v - 148 = 0, -5*v + 63 = 2*s - 0*v. List the prime factors of s.
29
Suppose -6 + 2 = -4*w. Let r be 1 + 0/4 + w. Suppose r*h + 390 = 7*h. What are the prime factors of h?
2, 3, 13
Let f be 88/6 - ((-28)/21)/4. List the prime factors of 306 + 25/(f/(-3)).
7, 43
Suppose -15*i = 707 - 8597. List the prime factors of i.
2, 263
Suppose 5*f = -3*g + 1699, 6*f - 3*g - 1029 = 3*f. Suppose -m - f - 93 = 0. What are the prime factors of (m/(-4))/(-7)*-2?
31
Suppose 26*i + 1011 = 27*i. List the prime factors of i.
3, 337
Let u be (34/(-8) + 4)*0. Suppose -8*i + 7*i + 4 = u. Suppose 31 = i*x + 15. List the prime factors of x.
2
Let c = 20 + -19. Let q be -3*(0 + -2 + c). Suppose q*k - 2*p - 1 = 0, k = 4*p - 8 - 5. What are the prime factors of k?
3
Let q(a) = -3*a + 7. Let y(z) = -10*z + 21. Let i(b) = 7*q(b) - 2*y(b). What are the prime factors of i(5)?
2
Let v(w) = -5*w**2 + w + 10. Let c(r) = -4*r**2 + r + 9. Let n(k) = -3*c(k) + 2*v(k). Let z be n(0). What are the prime factors of (-2)/z - 96/(-7)?
2, 7
Suppose -117*k - 27825 = -132*k. List the prime factors of k.
5, 7, 53
Let p(o) = 11*o - 11. Let s be p(11). Suppose -6*g = -8*g + s. Let x = g + -35. What are the prime factors of x?
2, 5
Let h = -383 + 785. What are the prime factors of h?
2, 3, 67
Let k(p) = -46*p**2 + p. Let o be k(1). Let q be ((-3)/(-6))/(-2 - 109/(-54)). Let l = q - o. List the prime factors of l.
2, 3
Suppose -43*l + 57523 = -76594. What are the prime factors of l?
3119
Suppose 0 = 4*f + 4, 5*q - 2*f + 278 = 1635. List the prime factors of q.
271
Let z(n) = 417*n + 307. What are the prime factors of z(3)?
2, 19, 41
Let u = 109 - 65. Let b be (3/(-2))/((-2)/u). Suppose 2*n - 4*s - b = -11, -4*n + 3*s = -54. What are the prime factors of n?
3, 5
Let t be (-120)/(-70) + (-4)/(-14). Let l be (3 - -2)/(t/4). Suppose l*x = 5*x + 90. List the prime factors of x.
2, 3
Let k be (10 - 8)/(4/70). Let f be (-5)/(-2)*28/k. What are the prime factors of f*((-140)/(-8) - 2)?
31
Let v(g) = g**2 + 3*g + 3. Let u be v(-3). Suppose -4*w = -4*h + 36, 21 = 4*h - u*h + 3*w. Let b = -8 + h. What are the prime factors of b?
2
Let p = -16 - -39. Let u = -23 - -23. Suppose u*t - 6 = -t - 2*r, 5*t + 3*r = p. What are the prime factors of t?
2
Let m(b) = -b**2 + b - 1. Let c be m(4). Let g(y) = y**3 - 13*y**2 - 12*y - 6. Let x be g(14). Let p = x + c. List the prime factors of p.
3
Let q(j) = 45*j**2 + 11*j - 7. What are the prime factors of q(2)?
3, 5, 13
Let f(x) = x**2 + 13*x - 12. List the prime factors of f(21).
2, 3, 13
Let t(o) be the third derivative of o**6/120 - o**5/20 - o**4/12 - 2*o**3/3 + 5*o**2. Let x be t(4). What are the prime factors of 708/22 - x/22?
2
Let y = -2 - -4. Suppose 0 = -4*p - u + 219, 0 = -3*p - y*u - 44 + 202. List the prime factors of p.
2, 7
What are the prime factors of 9/9*(2 + 1139)?
7, 163
Let d(h) be the third derivative of 3*h**5/10 - h**4/6 + 7*h**3/2 - h**2 - 23. List the prime factors of d(4).
293
What are the prime factors of (7/2 + -2)/(1/2986)?
3, 1493
Let q be (-4)/(-6)*(-106 - -4). Let z(j) = 2*j**2 + 34*j + 28. Let s be z(-15). Let a = s - q. List the prime factors of a.
2, 3
Suppose -3*l = -5*c - 43, 2*c - l = -2*c - 40. Let m = c + 50. What are the prime factors of m?
3, 13
Let z(f) be the first derivative of 11*f**3/3 + 3*f**2/2 - 11*f - 13. List the prime factors of z(3).
97
Let a be (0 - 0)*-4*1/4. Suppose n - 7 - 160 = a. What are the prime factors of n?
167
Let j(f) = 3*f**3 - 116*f**2 - 36*f - 75. What are the prime factors of j(40)?
5, 977
Let k = -2120 - -6864. What are the prime factors of k?
2, 593
Suppose 6*b + 3*i - 4503 = 3*b, 4*i + 5988 = 4*b. List the prime factors of b.
1499
Let s(b) = 0*b + 0*b - b - 2*b + 81. What are the prime factors of s(0)?
3
What are the prime factors of 3 - (3*(-332)/6 - 3)?
2, 43
Let z be (-86)/(-6) + (-2)/6. Let d = z - -1. List the prime factors of -70*(-3 - d/(-6)).
5, 7
Suppose 9*v - 13153 + 2380 = 0. What are the prime factors of v?
3, 7, 19
Let n(i) = 36*i + 130. What are the prime factors of n(25)?
2, 5, 103
Let s(u) = -u**3 + 19*u + 13. What are the prime factors of s(-8)?
373
Let t(s) = -s**3 + 25*s**2 - 23*s - 4. Let l be t(23). What are the prime factors of l*(-12)/(-27)*(-6)/(-5)?
2, 5, 7
Let h(i) = -5*i**2. Let p be h(1). Let c = p - -7. Suppose -c*l + 10 + 24 = 0. List the prime factors of l.
17
Let c be (284/(-8) - -2)*2. Let f = 152 + c. List the prime factors of f.
5, 17
Suppose 11*a + g - 3823 = 8*a, 2*a + 3*g - 2551 = 0. What are the prime factors of a?
2, 7, 13
Let n be (-2)/4*(-15 - 5). Let s be (n/4)/(9/18). Suppose 172 = -h + s*h. List the prime factors of h.
43
Suppose 4 - 40 = 3*j. Let g = j - -59. List the prime factors of g.
47
Suppose 20455 = 12*x + 799. List the prime factors of x.
2, 3, 7, 13
Let y(o) = -12*o - 8. Let n be y(-1). Suppose -j = 4, 8*j - 200 = -l + n*j. List the prime factors of l.
2, 3
Suppose 20 - 14 = 2*b. Suppose b*i - 378 = -4*i. What are the prime factors of i?
2, 3
Suppose -l - l + 380 = 0. Suppose 3*p = 8*p - l. List the prime factors of p.
2, 19
Suppose -9*p = -2116 - 719. What are the prime factors of p?
3, 5, 7
Suppose -3 - 2 = o, 5*u + 1200 = 4*o. Let r = u + 405. List the prime factors of r.
7, 23
Let r(m) = -m**2 + 7*m - 13. Let y be r(5). Let w be (-7)/(35/(-15)) + y. Suppose 5*t - 3*c - 364 = w, -c - 293 = -4*t + 2*c. What are the prime factors of t?
71
Let k(s) = s**3 - s**2 + s - 4. Let f be k(2). Let o(a) = 18*a**3 + 4*a**2 + a + 1. List the prime factors of o(f).
163
Let r(y) = 13*y**3 + 2*y**2 + 2*y + 2. What are the prime factors of r(3)?
13, 29
Suppose -2*h - 2*z + 2 = 0, h = -5*z + 6*z + 1. Let k be 2 + h - (2 - 1). Suppose -4*i + 4*s + 188 = 0, 2*i + k*s = 5*i - 137. What are the prime factors of i?
43
Let z(s) = -3*s - 2. Let u be z(-2). Suppose u*g = 2*g - 2*d + 150, d + 209 = 3*g. What are the prime factors of g?
71
List the prime factors of 1*(-3 - (-4 + -4)) - -367.
2, 3, 31
Suppose 1544 + 872 = 4*u. What are the prime factors of u?
2, 151
Let i be 1/(-3 - 26/(-8)). Suppose 0 = -4*c - 3*m + 445, 5*c + 7*m - 557 = i*m. Let f = -76 + c. List the prime factors of f.
2, 3
Suppose -8*v + 14877 + 3531 = 0. List the prime factors of v.
3, 13, 59
Let k be 11*(8/(-4) - -3). Let l(n) = -7*n**2 - 10*n + 20. Let v(g) = -13*g**2 - 20*g + 39. Let a(m) = k*l(m) - 6*v(m). What are the prime factors of a(-15)?
61
Let g be (32/(-20))/((-6)/15). Suppose g*b + 3*a = -31, -4*b - 15 = -b + 5*a. What are the prime factors of (-126)/b + (-42)/70?
2, 3
Suppose -20 - 55 = -5*w + 3*p, 5*w = -p + 55. Suppose 5*h + w = 4*h. What are the prime factors of 9/h + (-988)/(-16)?
61
Let w = 176 + 526. What are the prime factors of w?
2, 3, 13
Suppose -3353 = -3*y - 5*r, 7*y + 3*r = 5*y + 2235. What are the prime factors of y?
2, 3, 31
Let w be ((-1484)/(-8))/(-7)*-2. Let n = -8 - -6. Let t = w + n. What are the prime factors of t?
3, 17
Let k = 1 - 1. Let p(a) = 19*a**2 + 3*a + 37. Let s(z) = 24*z**2 + 4*z + 36. Let w(y) = 5*p(y) - 4*s(y). List the prime factors of w(k).
41
Let h = 313 - -567. List the prime factors of h.
2, 5, 11
Let u = 996 + -964. List the prime factors of u.
2
Let n(j) = 5*j - 13*j - 6*j + 2*j + 4. Suppose 5*a - 3*v = 2*v - 5, 4*a + v + 24 = 0. What are the prime factors of n(a)?
2
Let r be 857/9 + 24/(-108). Let